{"id":363,"date":"2020-02-23T09:34:24","date_gmt":"2020-02-23T08:34:24","guid":{"rendered":"http:\/\/bape19.com\/?page_id=363"},"modified":"2021-10-11T11:32:30","modified_gmt":"2021-10-11T09:32:30","slug":"courrier","status":"publish","type":"page","link":"https:\/\/bape19.com\/?page_id=363","title":{"rendered":"COURRIER"},"content":{"rendered":"\n<figure class=\"wp-block-gallery columns-1 is-cropped wp-block-gallery-1 is-layout-flex wp-block-gallery-is-layout-flex\"><ul class=\"blocks-gallery-grid\"><li class=\"blocks-gallery-item\"><figure><img loading=\"lazy\" decoding=\"async\" width=\"897\" height=\"221\" src=\"https:\/\/bape19.com\/wp-content\/uploads\/2020\/11\/Courrier.png\" alt=\"\" data-id=\"725\" data-full-url=\"https:\/\/bape19.com\/wp-content\/uploads\/2020\/11\/Courrier.png\" data-link=\"https:\/\/bape19.com\/index.php\/courrier\/courrier-2\/\" class=\"wp-image-725\" srcset=\"https:\/\/bape19.com\/wp-content\/uploads\/2020\/11\/Courrier.png 897w, https:\/\/bape19.com\/wp-content\/uploads\/2020\/11\/Courrier-300x74.png 300w, https:\/\/bape19.com\/wp-content\/uploads\/2020\/11\/Courrier-768x189.png 768w\" sizes=\"auto, (max-width: 897px) 100vw, 897px\" \/><\/figure><\/li><\/ul><figcaption class=\"blocks-gallery-caption\">Si vous d\u00e9sirez nous communiquer un commentaire, partager un texte, vous pouvez le faire ci-dessous. Suivant son contenu votre message pourra \u00eatre mis en ligne pour le partager avec d&rsquo;autres.<\/figcaption><\/figure>\n\n\n\n<p class=\"has-text-align-center has-text-color wp-block-paragraph\" style=\"color:#a3006b\"> 4\u00a0030 vues<\/p>\n\n\n\n<hr class=\"wp-block-separator has-text-color has-background has-black-background-color has-black-color is-style-wide\"\/>\n\n\n\n<h2 class=\"has-text-color wp-block-heading\" style=\"color:#e35813\"><strong>L\u2019\u00c9GLISE \u00e0 DEUX VISAGES<\/strong> &#8211; Jacques Tersou<\/h2>\n\n\n\n<p class=\"has-black-color has-text-color has-background wp-block-paragraph\" style=\"background-color:#e4bee6\">Jacques Tersou nous livre son analyse de la situation dans l\u2019\u00c9glise aujourd&rsquo;hui, et interroge notre propre responsabilit\u00e9 dans cette tension d\u00e9l\u00e9t\u00e8re.<\/p>\n\n\n\n<div class=\"wp-block-file\"><a id=\"wp-block-file--media-90cf9d36-7d49-41d0-84c9-d13cb72446f3\" href=\"https:\/\/bape19.com\/wp-content\/uploads\/2020\/11\/LEglise-a-deux-visages-JT.pdf\">2020-11-22 L&rsquo;Eglise-\u00e0-deux-visages-JT<\/a><a href=\"https:\/\/bape19.com\/wp-content\/uploads\/2020\/11\/LEglise-a-deux-visages-JT.pdf\" class=\"wp-block-file__button\" download aria-describedby=\"wp-block-file--media-90cf9d36-7d49-41d0-84c9-d13cb72446f3\">T\u00e9l\u00e9charger<\/a><\/div>\n\n\n\n<hr class=\"wp-block-separator has-text-color has-background has-black-background-color has-black-color is-style-wide\"\/>\n\n\n\n<p class=\"wp-block-paragraph\"><\/p>\n\n\n\n<h2 class=\"has-text-color wp-block-heading\" style=\"color:#4b8131\"><strong>RENDEZ-VOUS A LA MESSE !<\/strong> <em>Jean-Louis Loirat <\/em><\/h2>\n\n\n\n<p class=\"has-background wp-block-paragraph\" style=\"background-color:#d7e592\">Un courrier qui vient de loin par un de nos membre et qui nous semble important de partager avec vous. Nous ne sommes pas seuls \u00e0 souffrir de cette situation, de l&rsquo;attitude de notre \u00c9glise et  du travail qui reste \u00e0 faire pour que la \u00ab\u00a0bonne nouvelle\u00a0\u00bb soit proclam\u00e9e avec plus de force.<\/p>\n\n\n\n<div class=\"wp-block-file\"><a id=\"wp-block-file--media-afb29db3-977b-4748-9b36-b762259b0ca2\" href=\"https:\/\/bape19.com\/wp-content\/uploads\/2020\/11\/Rendez-nous-la-messe_17nov20.pdf\">Rendez-nous-la-messe_17nov20<\/a><a href=\"https:\/\/bape19.com\/wp-content\/uploads\/2020\/11\/Rendez-nous-la-messe_17nov20.pdf\" class=\"wp-block-file__button\" download aria-describedby=\"wp-block-file--media-afb29db3-977b-4748-9b36-b762259b0ca2\">T\u00e9l\u00e9charger<\/a><\/div>\n\n\n\n<hr class=\"wp-block-separator has-text-color has-background has-black-background-color has-black-color is-style-wide\"\/>\n\n\n\n<p class=\"wp-block-paragraph\"><\/p>\n\n\n\n<h2 class=\"wp-block-heading\">PROPH\u00c9TIE POUR L&rsquo;AVANT &#8211; <em>G\u00e9rard Macario<\/em><\/h2>\n\n\n\n<p class=\"has-background wp-block-paragraph\" style=\"background-color:#e6c696\">Un courrier de G\u00e9rard Macario, dont on appr\u00e9ciera le cot\u00e9 foisonnant et cr\u00e9ateur, rieur et qui \u00e9g\u00e9enne des r\u00eaves que nous sommes nombreux \u00e0 faire.<\/p>\n\n\n\n<div class=\"wp-block-file\"><a id=\"wp-block-file--media-5adb18ea-78fa-4d55-8d5d-7a11c3d52d99\" href=\"https:\/\/bape19.com\/wp-content\/uploads\/2020\/11\/PROPHETIE-POUR-LAVENT-1.pdf\">PROPHETIE-POUR-LAVENT-1<\/a><a href=\"https:\/\/bape19.com\/wp-content\/uploads\/2020\/11\/PROPHETIE-POUR-LAVENT-1.pdf\" class=\"wp-block-file__button\" download aria-describedby=\"wp-block-file--media-5adb18ea-78fa-4d55-8d5d-7a11c3d52d99\">T\u00e9l\u00e9charger<\/a><\/div>\n\n\n\n<hr class=\"wp-block-separator has-text-color has-background has-black-background-color has-black-color is-style-wide\"\/>\n\n\n\n<p class=\"wp-block-paragraph\">4\u00a0030 vues<\/p>\n","protected":false},"excerpt":{"rendered":"<p>L\u2019\u00c9GLISE \u00e0 DEUX VISAGES &#8211; Jacques Tersou Jacques Tersou nous livre son analyse de la situation dans l\u2019\u00c9glise aujourd&rsquo;hui, et interroge notre propre responsabilit\u00e9 dans cette tension d\u00e9l\u00e9t\u00e8re. RENDEZ-VOUS A LA MESSE ! Jean-Louis Loirat Un courrier qui vient de &hellip; <a href=\"https:\/\/bape19.com\/?page_id=363\">Continuer la lecture <span class=\"meta-nav\">&rarr;<\/span><\/a><\/p>\n","protected":false},"author":1,"featured_media":0,"parent":0,"menu_order":0,"comment_status":"open","ping_status":"closed","template":"","meta":{"_crdt_document":"","footnotes":""},"class_list":["post-363","page","type-page","status-publish","hentry"],"_links":{"self":[{"href":"https:\/\/bape19.com\/index.php?rest_route=\/wp\/v2\/pages\/363","targetHints":{"allow":["GET"]}}],"collection":[{"href":"https:\/\/bape19.com\/index.php?rest_route=\/wp\/v2\/pages"}],"about":[{"href":"https:\/\/bape19.com\/index.php?rest_route=\/wp\/v2\/types\/page"}],"author":[{"embeddable":true,"href":"https:\/\/bape19.com\/index.php?rest_route=\/wp\/v2\/users\/1"}],"replies":[{"embeddable":true,"href":"https:\/\/bape19.com\/index.php?rest_route=%2Fwp%2Fv2%2Fcomments&post=363"}],"version-history":[{"count":10,"href":"https:\/\/bape19.com\/index.php?rest_route=\/wp\/v2\/pages\/363\/revisions"}],"predecessor-version":[{"id":930,"href":"https:\/\/bape19.com\/index.php?rest_route=\/wp\/v2\/pages\/363\/revisions\/930"}],"wp:attachment":[{"href":"https:\/\/bape19.com\/index.php?rest_route=%2Fwp%2Fv2%2Fmedia&parent=363"}],"curies":[{"name":"wp","href":"https:\/\/api.w.org\/{rel}","templated":true}]}}