{"id":197,"date":"2020-02-18T11:30:27","date_gmt":"2020-02-18T10:30:27","guid":{"rendered":"http:\/\/bape19.com\/?page_id=197"},"modified":"2021-10-11T11:23:49","modified_gmt":"2021-10-11T09:23:49","slug":"news-letter-bape19","status":"publish","type":"page","link":"https:\/\/bape19.com\/?page_id=197","title":{"rendered":"NEWSLETTER"},"content":{"rendered":"\n<figure class=\"wp-block-image size-large is-resized\"><img loading=\"lazy\" decoding=\"async\" src=\"https:\/\/bape19.com\/wp-content\/uploads\/2020\/12\/Newsletter.png\" alt=\"\" class=\"wp-image-779\" width=\"667\" height=\"229\" srcset=\"https:\/\/bape19.com\/wp-content\/uploads\/2020\/12\/Newsletter.png 895w, https:\/\/bape19.com\/wp-content\/uploads\/2020\/12\/Newsletter-300x103.png 300w, https:\/\/bape19.com\/wp-content\/uploads\/2020\/12\/Newsletter-768x264.png 768w\" sizes=\"auto, (max-width: 667px) 100vw, 667px\" \/><\/figure>\n\n\n\n<p class=\"has-text-align-center wp-block-paragraph\">1\u00a0641 vues<\/p>\n\n\n\n<p class=\"has-background wp-block-paragraph\" style=\"background-color:#e4f1f6\">Chaque fois qu&rsquo;il est possible, nous \u00e9ditons une \u00ab\u00a0newsletter\u00a0\u00bb qui permet \u00e0 chacun de prendre des nouvelles. Ce document peut vous \u00eatre envoy\u00e9 par Email si vous le demandez et si vous avez signal\u00e9 votre adresse Email. <\/p>\n\n\n\n<h2 class=\"has-blue-color has-text-color wp-block-heading\"> News letter BAPE19 N\u00b0 9 Mai 2021<\/h2>\n\n\n\n<p class=\"wp-block-paragraph\">1\u00a0641 vues<\/p>\n\n\n\n<div data-wp-interactive=\"core\/file\" class=\"wp-block-file\"><object data-wp-bind--hidden=\"!state.hasPdfPreview\" hidden class=\"wp-block-file__embed\" data=\"https:\/\/bape19.com\/wp-content\/uploads\/2021\/06\/NL-Bape-19-n\u00b09-Mai-21.pdf\" type=\"application\/pdf\" style=\"width:100%;height:600px\" aria-label=\"Contenu embarqu\u00e9 Embed of NL-Bape-19-n\u00b09-Mai-21..\"><\/object><a id=\"wp-block-file--media-d417954d-62ad-4019-ac65-5c7ef56512b0\" href=\"https:\/\/bape19.com\/wp-content\/uploads\/2021\/06\/NL-Bape-19-n\u00b09-Mai-21.pdf\">NL-Bape-19-n\u00b09-Mai-21<\/a><a href=\"https:\/\/bape19.com\/wp-content\/uploads\/2021\/06\/NL-Bape-19-n\u00b09-Mai-21.pdf\" class=\"wp-block-file__button\" download aria-describedby=\"wp-block-file--media-d417954d-62ad-4019-ac65-5c7ef56512b0\">Download<\/a><\/div>\n\n\n\n<h2 class=\"has-blue-color has-text-color wp-block-heading\"> News Letter BAPE19 N\u00b0 8 Novembre 2020<\/h2>\n\n\n\n<hr class=\"wp-block-separator\"\/>\n\n\n\n<div class=\"wp-block-group\"><div class=\"wp-block-group__inner-container is-layout-flow wp-block-group-is-layout-flow\">\n<hr class=\"wp-block-separator is-style-wide\"\/>\n<\/div><\/div>\n\n\n\n<div class=\"wp-block-file\"><a id=\"wp-block-file--media-7acf9fe8-3b82-40fc-8caf-65280e397d04\" href=\"https:\/\/bape19.com\/wp-content\/uploads\/2020\/11\/NL-Bape-19-n\u00b08-nov-2020.pdf\">NL-Bape-19-n\u00b08-nov-2020<\/a><a href=\"https:\/\/bape19.com\/wp-content\/uploads\/2020\/11\/NL-Bape-19-n\u00b08-nov-2020.pdf\" class=\"wp-block-file__button\" download aria-describedby=\"wp-block-file--media-7acf9fe8-3b82-40fc-8caf-65280e397d04\">T\u00e9l\u00e9charger<\/a><\/div>\n\n\n\n<figure class=\"wp-block-image size-large\"><img loading=\"lazy\" decoding=\"async\" width=\"679\" height=\"965\" src=\"https:\/\/bape19.com\/wp-content\/uploads\/2020\/11\/NL-8-1.jpg\" alt=\"\" class=\"wp-image-757\" srcset=\"https:\/\/bape19.com\/wp-content\/uploads\/2020\/11\/NL-8-1.jpg 679w, https:\/\/bape19.com\/wp-content\/uploads\/2020\/11\/NL-8-1-211x300.jpg 211w\" sizes=\"auto, (max-width: 679px) 100vw, 679px\" \/><\/figure>\n\n\n\n<figure class=\"wp-block-image size-large\"><img loading=\"lazy\" decoding=\"async\" width=\"675\" height=\"962\" src=\"https:\/\/bape19.com\/wp-content\/uploads\/2020\/11\/NL-8-2.jpg\" alt=\"\" class=\"wp-image-758\" srcset=\"https:\/\/bape19.com\/wp-content\/uploads\/2020\/11\/NL-8-2.jpg 675w, https:\/\/bape19.com\/wp-content\/uploads\/2020\/11\/NL-8-2-210x300.jpg 210w\" sizes=\"auto, (max-width: 675px) 100vw, 675px\" \/><\/figure>\n\n\n\n<figure class=\"wp-block-gallery columns-1 is-cropped wp-block-gallery-1 is-layout-flex wp-block-gallery-is-layout-flex\"><ul class=\"blocks-gallery-grid\"><li class=\"blocks-gallery-item\"><figure><img loading=\"lazy\" decoding=\"async\" width=\"657\" height=\"959\" src=\"https:\/\/bape19.com\/wp-content\/uploads\/2020\/11\/NL-8-3.jpg\" alt=\"\" data-id=\"759\" data-full-url=\"https:\/\/bape19.com\/wp-content\/uploads\/2020\/11\/NL-8-3.jpg\" data-link=\"https:\/\/bape19.com\/?attachment_id=759\" class=\"wp-image-759\" srcset=\"https:\/\/bape19.com\/wp-content\/uploads\/2020\/11\/NL-8-3.jpg 657w, https:\/\/bape19.com\/wp-content\/uploads\/2020\/11\/NL-8-3-206x300.jpg 206w\" sizes=\"auto, (max-width: 657px) 100vw, 657px\" \/><\/figure><\/li><\/ul><\/figure>\n\n\n\n<h2 class=\"has-blue-color has-text-color wp-block-heading\">Newsletter BAPE19 N\u00b04 Avril 2020  <\/h2>\n\n\n\n<div class=\"wp-block-file\"><a id=\"wp-block-file--media-f810f936-baf2-47d0-91ea-95e0d1bfc7d8\" href=\"https:\/\/bape19.com\/wp-content\/uploads\/2020\/04\/Journal-Bap\u00e919-n\u00b04-31.03.20.pdf\">Journal-Bap\u00e919-n\u00b04-31.03.20<\/a><a href=\"https:\/\/bape19.com\/wp-content\/uploads\/2020\/04\/Journal-Bap\u00e919-n\u00b04-31.03.20.pdf\" class=\"wp-block-file__button\" download aria-describedby=\"wp-block-file--media-f810f936-baf2-47d0-91ea-95e0d1bfc7d8\">T\u00e9l\u00e9charger<\/a><\/div>\n\n\n\n<h2 class=\"wp-block-heading\"> Newsletter BAPE19 N\u00b03 Mars 2020 <\/h2>\n\n\n\n<div class=\"wp-block-file\"><a id=\"wp-block-file--media-52a37659-2d8d-45a4-a784-f4732c2e49fe\" href=\"https:\/\/bape19.com\/wp-content\/uploads\/2020\/03\/Journal-Bap\u00e919-n\u00b03-10.03.20.pdf\">Journal-Bap\u00e919-n\u00b03-10.03.20<\/a><a href=\"https:\/\/bape19.com\/wp-content\/uploads\/2020\/03\/Journal-Bap\u00e919-n\u00b03-10.03.20.pdf\" class=\"wp-block-file__button\" download aria-describedby=\"wp-block-file--media-52a37659-2d8d-45a4-a784-f4732c2e49fe\">T\u00e9l\u00e9charger<\/a><\/div>\n\n\n\n<h2 class=\"has-blue-color has-text-color wp-block-heading\">Newsletter BAPE19 N\u00b02 F\u00e9vrier 2020<\/h2>\n\n\n\n<div class=\"wp-block-file\"><a id=\"wp-block-file--media-a8d62938-b051-4ddb-adf9-4c56396c9f25\" href=\"https:\/\/bape19.com\/wp-content\/uploads\/2020\/02\/Journal-Bap\u00e919-n\u00b02-f\u00e9v20.pdf\">Journal-Bap\u00e919-n\u00b02-f\u00e9v20<\/a><a href=\"https:\/\/bape19.com\/wp-content\/uploads\/2020\/02\/Journal-Bap\u00e919-n\u00b02-f\u00e9v20.pdf\" class=\"wp-block-file__button\" download aria-describedby=\"wp-block-file--media-a8d62938-b051-4ddb-adf9-4c56396c9f25\">T\u00e9l\u00e9charger<\/a><\/div>\n\n\n\n<h2 class=\"has-blue-color has-text-color wp-block-heading\">Newsletter BAPE19 N\u00b0 1 janvier 2020<\/h2>\n\n\n\n<div class=\"wp-block-file\"><a id=\"wp-block-file--media-d6e8c2c5-08b4-4caf-a765-b384aa078a14\" href=\"https:\/\/bape19.com\/wp-content\/uploads\/2020\/02\/Journal-Bap\u00e919-n\u00b01-janv20.pdf\">Journal-Bap\u00e919-n\u00b01-janv20<\/a><a href=\"https:\/\/bape19.com\/wp-content\/uploads\/2020\/02\/Journal-Bap\u00e919-n\u00b01-janv20.pdf\" class=\"wp-block-file__button\" download aria-describedby=\"wp-block-file--media-d6e8c2c5-08b4-4caf-a765-b384aa078a14\">T\u00e9l\u00e9charger<\/a><\/div>\n","protected":false},"excerpt":{"rendered":"<p>Chaque fois qu&rsquo;il est possible, nous \u00e9ditons une \u00ab\u00a0newsletter\u00a0\u00bb qui permet \u00e0 chacun de prendre des nouvelles. Ce document peut vous \u00eatre envoy\u00e9 par Email si vous le demandez et si vous avez signal\u00e9 votre adresse Email. News letter BAPE19 &hellip; <a href=\"https:\/\/bape19.com\/?page_id=197\">Continuer la lecture <span class=\"meta-nav\">&rarr;<\/span><\/a><\/p>\n","protected":false},"author":1,"featured_media":77,"parent":0,"menu_order":0,"comment_status":"closed","ping_status":"closed","template":"","meta":{"_crdt_document":"","footnotes":""},"class_list":["post-197","page","type-page","status-publish","has-post-thumbnail","hentry"],"_links":{"self":[{"href":"https:\/\/bape19.com\/index.php?rest_route=\/wp\/v2\/pages\/197","targetHints":{"allow":["GET"]}}],"collection":[{"href":"https:\/\/bape19.com\/index.php?rest_route=\/wp\/v2\/pages"}],"about":[{"href":"https:\/\/bape19.com\/index.php?rest_route=\/wp\/v2\/types\/page"}],"author":[{"embeddable":true,"href":"https:\/\/bape19.com\/index.php?rest_route=\/wp\/v2\/users\/1"}],"replies":[{"embeddable":true,"href":"https:\/\/bape19.com\/index.php?rest_route=%2Fwp%2Fv2%2Fcomments&post=197"}],"version-history":[{"count":17,"href":"https:\/\/bape19.com\/index.php?rest_route=\/wp\/v2\/pages\/197\/revisions"}],"predecessor-version":[{"id":923,"href":"https:\/\/bape19.com\/index.php?rest_route=\/wp\/v2\/pages\/197\/revisions\/923"}],"wp:featuredmedia":[{"embeddable":true,"href":"https:\/\/bape19.com\/index.php?rest_route=\/wp\/v2\/media\/77"}],"wp:attachment":[{"href":"https:\/\/bape19.com\/index.php?rest_route=%2Fwp%2Fv2%2Fmedia&parent=197"}],"curies":[{"name":"wp","href":"https:\/\/api.w.org\/{rel}","templated":true}]}}